o(z) = z**2 + 3*z - 2. What is the units digit of o(t)?
2
Let q(m) = -m + 18 - 12 + 5. What is the units digit of q(-8)?
9
Let t(s) = s - 2. Let j = 4 + -2. Suppose -15 = -2*b + b + 3*y, -31 = -3*b + j*y. What is the units digit of t(b)?
7
Let t = -2 + 4. What is the units digit of (-4 + -5)/(1 - t)?
9
Let a(b) = b + 3. Suppose -52 = t + 8. Let m be (t/(-21))/(6/21). What is the tens digit of a(m)?
1
What is the tens digit of 2/(-3) + (-1536)/(-36)?
4
Suppose v + 209 = 4*o, -4*o + 3*v = o - 270. What is the tens digit of o?
5
Let x(o) = 6*o - 6*o**2 + 3 - o**3 + 2 - 3 + 0*o**3. Let k be x(-7). Suppose 0 = -m - 0 + k. What is the units digit of m?
9
Suppose -2*z = -12 + 2. What is the units digit of z?
5
Let h be ((-14)/(-4))/1*18. Suppose -5*d + 2*d = -h. Let v = d + -15. What is the units digit of v?
6
What is the units digit of (0 + 1)/((-5)/(-40))?
8
Suppose -2*w - w = -1164. What is the units digit of w?
8
Let a(x) = 4 + 5*x**3 - 2 - 2. What is the units digit of a(1)?
5
What is the tens digit of 192/6 + (1 - 0)?
3
Let p(c) = 4*c**3 + 2*c**2 - c - 2. Let v be p(2). Suppose -4*u + v = -3*s, 8 = 2*u - s - 10. What is the units digit of u?
9
Suppose -4 = -4*t + 12, t - 25 = -3*q. Suppose -a - q = 2*b - 28, 15 = a - 4*b. Suppose 4*x - 25 = a. What is the units digit of x?
1
Let q(s) = -s**3 - 4*s**2 - 4*s - 2. What is the tens digit of q(-4)?
1
Let c(q) = q**2 - q. Let p be c(-1). Suppose -p*k = -4*k. Suppose 2*f - 1 - 13 = k. What is the units digit of f?
7
Suppose -6*k + 2*k - 8 = 0. Let v(m) = m**2 - 7*m - 6. Let l be v(8). Let z = l - k. What is the units digit of z?
4
Let a = -23 + 73. What is the tens digit of a?
5
Let g be (-2)/8 - 3/(-12). What is the units digit of ((-4)/6 - g)*-21?
4
Let w = -1 - -4. Suppose 1 = -w*a + 28. What is the units digit of a?
9
Let h = -113 + 201. Suppose -5*y + y + h = 0. What is the units digit of y?
2
Let g = -45 - -74. What is the tens digit of g?
2
Let v(o) = 2*o - 3*o + 2*o - 2*o**2 + 17*o**3. What is the tens digit of v(1)?
1
Let s(v) = -v + 1. Let y be s(-1). Suppose y*i + 2*i = -4*z - 4, -28 = -2*i + 4*z. Let m = 1 + i. What is the units digit of m?
5
Suppose 0*r = 2*r - 48. Suppose 4*b - 9 = -g + 45, r = 2*b + 2*g. Let x = b - 7. What is the units digit of x?
7
Suppose 45 = 3*c - 0*c. Suppose r - 4*r + c = 0. What is the units digit of r?
5
Let q be (6/(-1))/(9/12). Suppose -2*z - 3*z - 253 = o, 0 = -3*o - 9. What is the units digit of z/q + (-2)/8?
6
Suppose l + 0*l - 2 = 0. Suppose -4*x + y + 10 = -27, -2*x - l*y + 26 = 0. What is the units digit of x?
0
Suppose u = -5*w + 86, 272 = 6*u - 2*u - 4*w. What is the tens digit of u?
7
Let p be ((-5)/3 - -1)*-6. Suppose 1 + 45 = -5*k + p*l, -4*k = 2*l + 16. Let n = 3 - k. What is the units digit of n?
9
Let u(k) = -7*k**2 + 4*k + 6. Let f(h) = -6*h**2 + 4*h + 5. Let q(n) = -5*f(n) + 4*u(n). Suppose 0 = -m + 3 + 1. What is the units digit of q(m)?
5
Suppose -4*p = 3*l - 1, -2*p - 5*l - 10 = -7*p. What is the units digit of p?
1
Let q(g) = g**3 - 4*g**2 - 8*g - 5. What is the tens digit of q(6)?
1
Suppose 5 = 4*v + 13. What is the units digit of (v/4)/(1/(-2))?
1
Let b = -9 - -16. What is the units digit of b?
7
Let y = 11 - 8. What is the units digit of y?
3
Let c(y) = 19*y + 1. Let n be c(3). Suppose -v = -23 + 9. What is the units digit of n/7 + (-4)/v?
8
What is the tens digit of (4 - (3 - 2))*10?
3
Let d = -105 - -223. What is the units digit of d?
8
Let o(l) = 5*l**2 - 9*l + 2. What is the hundreds digit of o(6)?
1
Let r(u) = 6*u + 2*u + 10 - 2*u - u**2. Let m be r(7). What is the units digit of (m/(-1) - -1) + 9?
7
Suppose -6*l = -2*l. Suppose l*v = 2*v. Suppose 0 = -3*m - v + 33. What is the units digit of m?
1
Let g(i) = i + 7. What is the units digit of g(9)?
6
Suppose 2*f + 3*m = 67, 4*f = -4*m + 176 - 32. What is the tens digit of f?
4
Suppose -4*o = 2*u - 196, u - 43 - 70 = o. What is the units digit of u?
8
Let l = -14 - -24. Let o be (8/l)/((-4)/(-10)). Suppose o*b - 6*b = -56. What is the units digit of b?
4
Suppose -4*n = -j - 27 + 1, -4*n - 3*j + 18 = 0. What is the units digit of n?
6
Let j(l) be the first derivative of -l**3/3 + 3*l**2 - 1. Let u(n) = 2*n**3 + 14*n**2 + 5. Let y be u(-7). What is the units digit of j(y)?
5
What is the tens digit of (80/32)/((-2)/(-128))?
6
Suppose 262 = 5*t - 98. What is the tens digit of t?
7
Let s(l) = -l**2 + 10*l - 12. Let f be s(8). Suppose -7 = f*w + 1. What is the units digit of (-7)/w*-2*-1?
7
Suppose -15 = -2*f - f. Suppose f*v - 3*c + 2 = -7, -c + 3 = -4*v. Suppose v = 5*q - r - 53, 4*q = -q + 4*r + 62. What is the units digit of q?
0
Suppose -5*j - 72 = -3*h, -2*j = 2*h + 3*j - 48. What is the units digit of h?
4
Suppose 10*h - 7*h = 222. Suppose 20 = -3*u + h. What is the units digit of u?
8
Let m be 3/(9/33) - -2. Let b = m - 2. What is the units digit of b?
1
What is the tens digit of (-12)/(-48) - (-275)/4?
6
Suppose b - 53 = 5*i, 2*i + 2*i = 4*b - 196. Suppose n = 4*n - 27. Suppose -3*r = -n - b. What is the units digit of r?
9
Let i(s) = s**3 + 5*s**2 - s + 5. Let t = 6 - 11. What is the units digit of i(t)?
0
Let g(s) = -3*s**2 + 8*s**2 - 26 + 23 + 3*s. What is the tens digit of g(2)?
2
Suppose 0*o + 3 = o. Suppose -o*r + 2 = -94. What is the tens digit of r?
3
What is the units digit of 2750/70 - (-2)/(-7)?
9
Let o(h) be the second derivative of -h**3/3 - 13*h**2/2 - h. Let n be o(-11). Let j(q) = -q**3 + 9*q**2 + q + 4. What is the tens digit of j(n)?
1
Let u = -11 + 23. What is the units digit of u?
2
Suppose -2*y + 3*n - 15 = 0, -4 = y - 2*n + 6. What is the units digit of (2 - y) + 5 + -6?
1
Suppose 7 = -7*i + 2135. What is the hundreds digit of i?
3
Let v(b) = b**3 - b**2 - 1. Let q(z) = -2*z**3 + 4*z**2 - 3*z + 4. Let y(i) = q(i) + 3*v(i). What is the units digit of y(2)?
7
What is the units digit of 3*(-3)/9*-76?
6
Suppose d + 30 = 4*d. Let k(o) = -o**2 + 14*o - 13. What is the units digit of k(d)?
7
Suppose -4*n + n = -5*r + 485, 2*r + n = 183. What is the units digit of r?
4
Suppose -167 - 18 = 5*d. Let x = 2 - d. What is the tens digit of x?
3
Let a = 18 + -13. Let t = 1 - a. What is the units digit of (-1)/t - 215/(-20)?
1
Suppose 2*f + 191 = b, -2*f = -5*f - 6. Suppose -5*n = -b + 42. What is the units digit of n?
9
Suppose -u = -97 + 18. Suppose -3*v + u = -29. What is the tens digit of v?
3
What is the units digit of 179/3 + (-12)/18?
9
Let s(m) = 2*m**2 - 5*m + 4. Let b(y) = -3*y**3 - y - 1. Let p be 1/(-1)*2 + 1. Let v be b(p). What is the units digit of s(v)?
7
Let z = -9 - -11. Let h(k) be the first derivative of -k**4/4 + 5*k**3/3 - k**2/2 - 2*k - 1. What is the units digit of h(z)?
8
Suppose -4*c + 16 = 0, -l - 12 = -5*l - 3*c. Suppose -3*x - 57 = -l*x. Let z = -4 - x. What is the tens digit of z?
1
Suppose 0 = -2*m - 4*k + 146, 3*m + 0*m = 2*k + 179. What is the units digit of m?
3
Let b(d) = -d**2 + 2. Let l be b(2). Let z = l - -6. Suppose -14 - 10 = -z*y. What is the units digit of y?
6
What is the units digit of (-6 + 7 - -89) + -3*1?
7
Let b = 19 - -26. Suppose -3*x = -3*n - b, -4*n - n = -4*x + 62. What is the tens digit of x?
1
Suppose -i = i + 4*r + 36, 3*i - 5*r + 65 = 0. Let j(o) = -7*o - 3. Let t be j(-6). Let d = i + t. What is the tens digit of d?
1
Let v = 67 + 1. What is the units digit of v?
8
Let x = 234 - 153. What is the units digit of x?
1
Let b be (-21)/(-9) - (-4)/6. Let s(v) = 26*v**2 + 1. Let j be s(-1). Suppose 0*o + b*o - j = 0. What is the units digit of o?
9
Let h(u) = -12*u - 15. What is the units digit of h(-10)?
5
Let l(y) be the third derivative of y**5/30 - y**4/12 + 7*y**2. Let x(u) = -u - 3. Let h be x(-5). What is the units digit of l(h)?
4
What is the tens digit of (-14)/63 + (-1460)/(-9)?
6
Suppose n + 4*n + 15 = 0. Let k = 7 + n. What is the units digit of k?
4
Let n be (12/9)/((-2)/(-6)). Suppose -n*w - 29 = -4*d - w, w + 39 = 5*d. What is the units digit of d?
8
Let m = 2 + 2. Let n(g) = -g**3 + 3*g**2 + 6*g - 2. What is the units digit of n(m)?
6
What is the tens digit of (-2)/(-6)*21*7?
4
Let w(l) = 8*l**3 - 11*l**2 - 2*l - 10. Let c(p) = -7*p**3 + 10*p**2 + 2*p + 9. Let k(v) = -7*c(v) - 6*w(v). What is the tens digit of k(5)?
1
Suppose -3*y = 2*i + 105, -120 = i + i - 2*y. Let u = -34 - i. Suppose h - 7 = -k, 2*h